t g be q(5). Let o(z) = -3 - 4*z**3 + 2*z**2 + 0 - 2*z**3 + 3*z**g + 3*z. Calculate o(2).
-13
Let z(p) = p**2 - 9*p + 8. Let x be (-1 + 34/10)*(-5)/(-2). Determine z(x).
-10
Let z(b) = -3*b**2 - 8*b - 8. Let o(a) = a**2 + a + 1. Let q(v) = -4*o(v) - z(v). What is q(5)?
-1
Let r(s) = -s + 3. Let y(d) = d**2 - d + 1. Let i be y(2). Determine r(i).
0
Let t(i) = 2062 - 5*i + 4*i - 2063. Determine t(0).
-1
Suppose -3*b + y = -13, 2*y + 29 - 7 = 5*b. Let g(a) = 6*a - 1 - 2 - 4*a. Give g(b).
5
Let p(h) be the third derivative of -h**6/120 + 3*h**5/20 + 3*h**4/8 + h**3/2 - 10*h**2. Give p(10).
-7
Let v be 6 - 4*(3 - 4). Let h(y) = v + 7*y - 10. Calculate h(1).
7
Let d(i) = -2*i**2 + i - 1. Let f = -53 + 55. Calculate d(f).
-7
Suppose 0*k - k + 2 = 0. Let o(l) be the third derivative of 0 + 1/6*l**4 + 0*l - l**k - 1/2*l**3. Calculate o(2).
5
Let w(g) = g**3 + 5*g**2 + 4*g - 2. Let a be 0*(-1)/(-2) - -6. Suppose -o + a*o = -20. Determine w(o).
-2
Let w = 3 + -3. Suppose w = r - 0*r. Let u(j) be the second derivative of j**4/12 + j**3/6 - 5*j**2/2 - j. What is u(r)?
-5
Suppose 5*p - 5 = -3*z - z, 0 = 4*p + 5*z + 5. Let u(v) = -v**3 + 6*v**2 - 4*v - 1. Give u(p).
4
Let k(u) = -u**2 - 6*u - 4. Let n(h) = -h**2 - 2*h**2 + 3 + 2*h**2 + 4*h. Let b be n(4). Suppose -b*s + 2*s - 2 = -w, -s - 6 = 3*w. What is k(s)?
5
Let r(g) = 2*g**2 + 14*g + 4. Let o be r(-7). Let v(c) = -c - 1. Let x(d) = 3*d + 3. Let l(n) = 4*v(n) + x(n). What is l(o)?
-5
Let b(k) = -2*k**3 - 8*k**2 - 6*k + 1. Let r(x) = 3*x**3 + 15*x**2 + 12*x - 1. Let t(z) = 5*b(z) + 3*r(z). Give t(6).
2
Suppose -13 = a + 2*z, -32 + 0 = 4*a - 2*z. Let c(d) = -d + 4. Let p(y) = -2*y + 9. Let l(f) = a*c(f) + 4*p(f). Let g be (2 + -1)/(2/(-2)). Give l(g).
-1
Let u(l) = 3*l**3 + l**2. Let c be -1*(-4 - (1 - 2)). Suppose c = 5*s - 2*s. Let b be u(s). Let j(n) = -3*n + 5. Give j(b).
-7
Let u(y) = -y**2 + 9*y - 8. Let a = 17 - 9. Determine u(a).
0
Let s(t) = 3*t**2 + 5*t - 3. Let o(r) = -r**3 + r**2 + r + 1. Let j(k) = -o(k) - s(k). Let a be (4/2 - -2) + -1. Let q = 2 + a. What is j(q)?
-3
Let o be (1 + -3)*(-10)/(-4). Let t(v) = v**2 + 5*v + 4. Calculate t(o).
4
Suppose -k - 3 = -2*k. Let q(n) = 3*n + k - n**2 - 1 + 2. What is q(3)?
4
Let s(v) = -v**2 + 10*v - 7. Suppose -5*k = d - 17, -d - k = -5*d + 26. Calculate s(d).
14
Let y(s) = 3*s**2 - 15. Let z(w) = w**2 - 5. Let n(d) = -3*y(d) + 8*z(d). Give n(0).
5
Suppose -3 = -h - 0. Suppose 2*n + a = -0 + 1, -h*n = -2*a - 19. Let p(v) = -2*v**2 + n - v**3 + 2*v - 5 + 4. What is p(-2)?
-2
Let i(v) be the first derivative of v**3/3 - 3*v**2 + 7*v - 1. Let d be 18/(-63) + (-74)/(-14). Give i(d).
2
Let h(k) be the first derivative of 0*k - 5/6*k**3 + 1/4*k**4 - 1/60*k**5 + 3 + 3/2*k**2. Let w(f) be the second derivative of h(f). What is w(4)?
3
Suppose 0 = s - x + 2, 4*x - 3 = 5. Let u = -5 - -8. Let p(q) = 0*q + q + u + s*q. Calculate p(-4).
-1
Let b = 11 + 1. Let t be (b/9)/(1/3). Let s(i) be the first derivative of i**2/2 - 3*i - 4. Calculate s(t).
1
Let b(d) be the first derivative of -d**4/2 + d**3 + 5. Give b(2).
-4
Let o(b) = -b**3 - 4*b**2 - 5. Let r be (-2)/((-45)/(-10) + -4). Calculate o(r).
-5
Suppose 4 = o + 1. Let w(y) = -2*y**2 - 11*y + 11. Let s(g) = -g**2 - 5*g + 5. Let f(h) = 13*s(h) - 6*w(h). Determine f(o).
-7
Suppose -10 = -n - 9. Let o(m) = -4*m**3 - 2*m + 1. Give o(n).
-5
Let q be -1*(4 + -1 + -2). Let b(y) be the second derivative of -y**4/2 - y**2/2 + 3*y. Determine b(q).
-7
Let y(t) = -5*t**3 + 5*t**2 + 5*t + 29. Let s(b) = -3*b**3 + 3*b**2 + 3*b + 15. Let v(j) = -7*s(j) + 4*y(j). What is v(0)?
11
Let h(i) = i**2. Suppose 5*c = 2*v - 11, 0 = 5*v - 2*c - 0*c - 17. Give h(v).
9
Let x(p) = -p**3 - 7*p**2 - 7*p - 7. Let q be 2/((-4)/4) - -9. Suppose -5*k - 37 = -q. Calculate x(k).
-1
Let t(l) = l**2 - l - 1. Let s(p) = 7*p**2 - 13*p + 2. Let m(b) = s(b) - 6*t(b). Determine m(7).
8
Let r be 9 - 10 - 1/1. Let k(s) = 7*s + 1. Give k(r).
-13
Let n(g) = -g**3 - 7*g**2 - 5*g + 8. Let t be n(-6). Suppose 0 = -b + c, -t*b - c + 5 = -2*c. Let z(i) = -i**2 + 6*i - 4. What is z(b)?
1
Suppose -4*j + 5*k + 61 = 0, -3*j - 3*k = k - 38. Suppose -2*s + 11 = -r - 8, s - j = 5*r. Let g be (3/s)/((-1)/3). Let t(d) = -10*d - 1. Determine t(g).
9
Suppose 0 = -2*y - y - 5*o + 27, 5*o = 2*y + 7. Suppose 0 = -4*r - 4 + 20. Let h(q) = 0 + 8*q**2 - r - 3*q - 7*q**2. Determine h(y).
0
Let z(l) be the second derivative of l**3/6 + 3*l**2 - 5*l. Give z(-5).
1
Let s(z) = z**3 - z**2 - 6*z - 3. Let x be s(-2). Let p(t) = 2*t**2 + 2*t - 3. Determine p(x).
9
Let s(m) = 5*m**3 - 2*m**2 + 1. Let q(z) = -z**2 + 2*z + 8. Let g be q(6). Let p = 15 + g. Give s(p).
-6
Let x(l) = -186*l**3 + 3*l + 180*l**3 - 4*l. Give x(1).
-7
Let x(w) = -3*w + 2*w + w**2 - 9 + 6. Let v be x(0). Let d(z) = -5*z - 3. What is d(v)?
12
Let o(l) = l**2 - 2*l - 1. Let s = -11 - -15. Determine o(s).
7
Let y = 1 + -4. Let r(s) = s - 1. Let p be r(2). Let u(x) = x**2 + 0 + 0*x**3 + p - 3*x + 3 + x**3. Determine u(y).
-5
Let g = -76 + 79. Let l(f) be the first derivative of 1/3*f**g - 4*f - 1 - 3/2*f**2. Determine l(3).
-4
Let x(m) be the third derivative of -m**6/120 - 7*m**5/60 + m**4/12 + 7*m**3/6 + 4*m**2. Calculate x(-7).
-7
Let o = -5 + 8. Let z(d) = d**2 + 3 + 0*d - d + 1 + d**o. Suppose 0 = -2*j - 4*v - 12, -5*j + 1 = 2*v + 7. What is z(j)?
4
Let w(m) = m - 1. Let i(x) = x**2 + x + 8. Let p(q) = i(q) + 4*w(q). Calculate p(-3).
-2
Let b be 1*(2 + (-2)/2). Let c(h) be the third derivative of 11*h**6/120 - h**5/60 - h**4/24 + h**3/6 + 2*h**2 - 2. Calculate c(b).
10
Suppose -2*n + 2*v + 10 = 0, n + 3*v - 2*v = 7. Let x be -1 + 9 + n/(-3). Let t(q) = 2*q - 6. Give t(x).
6
Let k(j) = -j**3 + 4*j**2 - 2*j + 1. Let n be k(3). Suppose -2 - 6 = -n*c. Let u(l) = -3 - l**c + l - 2*l - l**2 + 5*l. Calculate u(2).
-3
Let a(o) = 3*o**2 + o + 4. Let d(u) = -3*u**2 - u - 3. Let r(b) = 3*a(b) + 4*d(b). Let p be r(-1). Let x(j) = -2*j**2 + j - 2. Calculate x(p).
-12
Let d(v) = -41*v - 1 + 8 + 41*v - v**2. Give d(0).
7
Let p(c) be the third derivative of -c**5/4 - 5*c**2. Determine p(-1).
-15
Let t(k) = 2*k - 1. Let g be 21/6*(-16)/(-28). Suppose 2 = -g*m + 3*n, -5*m = -0*n - 2*n + 16. Determine t(m).
-9
Let j(n) = -3*n**2. Let k(w) = w**2 + 12*w + 18. Let h be k(-10). What is j(h)?
-12
Suppose 4*v - 8*v + s + 13 = 0, 0 = 3*v - 4*s - 26. Let m = 2 + v. Let c(d) be the second derivative of d**4/12 - 5*d**3/6 + 2*d**2 - d. What is c(m)?
0
Let q(m) = -2 + 1 + 0 + 4*m. Suppose -2*w + 32 = 2*w. Let r = w - 6. Determine q(r).
7
Let u be ((-2)/6)/(1*5/(-30)). Let y(q) be the third derivative of -1/24*q**4 - q**3 + 0*q + 0 - q**u. What is y(-3)?
-3
Suppose -2*t = -3*q - 4*t + 23, -2*q = -t - 6. Suppose -2*f = q*s - f - 52, 0 = 5*f - 10. Suppose h + s = -h. Let v(x) = -x**2 - 6*x. Give v(h).
5
Let p(i) be the first derivative of i**4/4 - i**3 + i**2 - 3*i - 22. Determine p(2).
-3
Suppose -4*o = -8, r + o = -o + 7. Let i(p) = -r*p - 7*p**2 - p - 2*p - p**3. Determine i(-6).
0
Let i(x) = 6*x - x**3 - 7*x**2 + 0*x + 4 + 2*x**3. Suppose 0 = -m - 1 + 7. Let z be i(m). Let r(p) = p**3 - 5*p**2 + 3*p - 3. Calculate r(z).
-7
Let g(s) be the second derivative of s - 1/12*s**4 - 1/3*s**3 - 1/2*s**2 + 0. Give g(-1).
0
Let x(m) = m**3 - 3*m**2 - 3*m - 4. Let u be x(4). Suppose 3*a - 7*a - 12 = u. Let j(q) = q**2 + 0*q**2 - 4 + q**3 - 2*q + 2*q**2. Calculate j(a).
2
Let v = 0 + -2. Let q be -3*1 - v - 3. Let l(p) = 4*p**2 - 22*p + 8*p + p**3 + 15*p + 2. What is l(q)?
-2
Let x(l) = -l - 3. Let b = -20 - -14. Let i be x(b). Let c(a) = -a**2 - a**3 - 3*a**2 + a + i*a**2 + 0*a. Calculate c(-1).
-1
Let w be (0 + -1)/1 - -4. Let a = -4 - -12. Let l(g) = -6 + g - 4*g + a + g**2. Determine l(w).
2
Let i(f) = -29*f + 1 + 16*f**3 - 3*f**3 + 27*f. Calculate i(1).
12
Let z(m) be the third derivative of m**4/12 - m**3/2 - 3*m**2. Determine z(-3).
-9
Suppose -2*w + 11 = 3*v + 15, -5*w - 10 = -5*v. Let k(o) = 11*o - 12. Let c(x) = 4*x - 4. Let l(f) = 8*c(f) - 3*k(f). Give l(v).
4
Let x(a) = -2*a**2 - 6 - 2*a**2 + 2*a + a**3 - a**2. Let g be ((-4)/10)/((-2)/5). Suppose -3*s = -2*p + g, -5*p = 2*s - s - 28. What is x(p)?
4
Let i(u) be the third derivative of -u**4/12 - u**3/2 - 2*u**2. Suppose -7 = -5*k + 18. Suppose -4*c = 3*a + 1, c - 3*c - 33 = -k*a. Deter